{"id":1043,"date":"2024-06-30T09:28:13","date_gmt":"2024-06-30T07:28:13","guid":{"rendered":"https:\/\/bernd-pr-winter.de\/?post_type=tribe_events&#038;p=1043"},"modified":"2024-06-30T09:28:13","modified_gmt":"2024-06-30T07:28:13","slug":"verwirrung-der-gefuehle-3","status":"publish","type":"tribe_events","link":"https:\/\/bernd-pr-winter.de\/?tribe_events=verwirrung-der-gefuehle-3","title":{"rendered":"VERWIRRUNG\u00a0DER\u00a0GEF\u00dcHLE"},"content":{"rendered":"<p style=\"font-weight: 400;\"><em>Ein kulturelles Berliner\u00a0<\/em><em>Epochengem\u00e4lde \u00a0<\/em><em>am Ende der \u201eGoldenen Zwanziger\u201c<img loading=\"lazy\" decoding=\"async\" class=\"size-medium wp-image-1008 alignright\" src=\"http:\/\/bernd-pr-winter.de\/wp-content\/uploads\/2023\/05\/Katharina-Brehl-und-Bernd-P.-R.-Winter-300x300.jpeg\" alt=\"\" width=\"300\" height=\"300\" srcset=\"https:\/\/bernd-pr-winter.de\/wp-content\/uploads\/2023\/05\/Katharina-Brehl-und-Bernd-P.-R.-Winter-300x300.jpeg 300w, https:\/\/bernd-pr-winter.de\/wp-content\/uploads\/2023\/05\/Katharina-Brehl-und-Bernd-P.-R.-Winter-1024x1024.jpeg 1024w, https:\/\/bernd-pr-winter.de\/wp-content\/uploads\/2023\/05\/Katharina-Brehl-und-Bernd-P.-R.-Winter-150x150.jpeg 150w, https:\/\/bernd-pr-winter.de\/wp-content\/uploads\/2023\/05\/Katharina-Brehl-und-Bernd-P.-R.-Winter-768x768.jpeg 768w, https:\/\/bernd-pr-winter.de\/wp-content\/uploads\/2023\/05\/Katharina-Brehl-und-Bernd-P.-R.-Winter.jpeg 1080w\" sizes=\"auto, (max-width: 300px) 100vw, 300px\" \/><\/em><\/p>\n<p style=\"font-weight: 400;\"><em>Mitwirkende<br \/>\n<\/em><em>Bernd P. R. Winter Sprache<br \/>\n<\/em><em>Katharina Brehl Sprache und Gesang<br \/>\n<\/em><em>Julia Reingardt Klavier<\/em><\/p>\n<p style=\"font-weight: 400;\">Berlin 1929. Vier Jahre sp\u00e4ter enden die \u201eGoldenen Zwanziger\u201c mit einer Vollbremsung.<\/p>\n<p style=\"font-weight: 400;\">Das Romanische Caf\u00e9\u00a0 in Berlin vibriert jeden Nachmittag und jeden Abend, hier ist der Weltgeist zu Hause in jenen leuchtenden Jahren vor der Verdunkelung, hier wird jeden Abend die Welt zerst\u00f6rt, gerettet und neu zusammengesetzt, hier kann man Kurt Tucholsky sehen und Erich K\u00e4stner und Max Beckmann, Gottfried Benn und Alfred D\u00f6blin, Marlene Dietrich, Gustav Gr\u00fcndgens und viele andere bekannte Gr\u00f6\u00dfen der Berliner Kunstszene. Mascha Kaleko geh\u00f6rt dazu, genau wie Erika Mann, Claire Waldoff, Ruth Landshoff und Vicki Baum. Beziehungen werden gekn\u00fcpft.<\/p>\n<p style=\"font-weight: 400;\">Man findet sich schnell.<\/p>\n<p><img loading=\"lazy\" decoding=\"async\" class=\"size-medium wp-image-917 alignleft\" src=\"http:\/\/bernd-pr-winter.de\/wp-content\/uploads\/2023\/02\/Pianistin-Julia-Reingardt-edited-1-188x300.jpeg\" alt=\"\" width=\"188\" height=\"300\" srcset=\"https:\/\/bernd-pr-winter.de\/wp-content\/uploads\/2023\/02\/Pianistin-Julia-Reingardt-edited-1-188x300.jpeg 188w, https:\/\/bernd-pr-winter.de\/wp-content\/uploads\/2023\/02\/Pianistin-Julia-Reingardt-edited-1-640x1024.jpeg 640w, https:\/\/bernd-pr-winter.de\/wp-content\/uploads\/2023\/02\/Pianistin-Julia-Reingardt-edited-1-768x1228.jpeg 768w, https:\/\/bernd-pr-winter.de\/wp-content\/uploads\/2023\/02\/Pianistin-Julia-Reingardt-edited-1-960x1536.jpeg 960w, https:\/\/bernd-pr-winter.de\/wp-content\/uploads\/2023\/02\/Pianistin-Julia-Reingardt-edited-1-1280x2048.jpeg 1280w, https:\/\/bernd-pr-winter.de\/wp-content\/uploads\/2023\/02\/Pianistin-Julia-Reingardt-edited-1-scaled.jpeg 1601w\" sizes=\"auto, (max-width: 188px) 100vw, 188px\" \/><\/p>\n<p style=\"font-weight: 400;\">\u201eAls w\u00e4ren Hingabe und Liebe vorl\u00e4ufig die einzig m\u00f6glichen Antworten auf den von den Nationalsozialisten gesch\u00fcrten Hass, sind die drei\u00dfiger Jahre voll der k\u00fchnsten, sch\u00f6nsten, aussichtslosesten Aff\u00e4ren und gr\u00f6\u00dften Romanzen\u201c(1)<\/p>\n<p>&nbsp;<\/p>\n<p style=\"font-weight: 400;\">Ein virtuoses Epochengem\u00e4lde, so nennt es der Schriftsteller Florian Illies in seinem Roman \u201eLiebe in Zeiten des Hasses\u201c. Eine Zeit von berstenden politischen und kulturellen Spannungen zwischen 1929 und 1939. Gro\u00dfe Literatur vorgestellt und sprachlich gekonnt gelesen vom Kasseler Rezitator Bernd P. R. Winter und der Kasseler Schauspielerin Katharina Brehl. Bekannte Songs aus den \u201eGoldenen Zwanziger\u201c charmant und voller Esprit gesungen von\u00a0\u00a0\u00a0 Katharina Brehl und am Klavier von der Pianistin Julia Reingardt begleitet.<\/p>\n<h6 style=\"font-weight: 400;\"><em>1Florian Illies Liebe in Zeiten des Hasses<\/em><\/h6>\n<p>&nbsp;<\/p>\n<p style=\"font-weight: 400;\">Beginn 19 Uhr; Einlass 18.30 Uhr<br \/>\nEintritt: 17 \u20ac; erm\u00e4\u00dfigt 13 \u20ac<\/p>\n<p style=\"font-weight: 400;\">Karten ab 18 Uhr Abendkasse oder im VVK unter Mailadresse:<a href=\"mailto:BerndprWinter@t-online.de\">BerndprWinter@t-online.de<\/a><\/p>\n<p style=\"font-weight: 400;\"><em>\u00a0<\/em><\/p>\n","protected":false},"excerpt":{"rendered":"<p>Ein kulturelles Berliner\u00a0Epochengem\u00e4lde \u00a0am Ende der \u201eGoldenen Zwanziger\u201c Mitwirkende Bernd P. R. Winter Sprache Katharina Brehl Sprache und Gesang Julia Reingardt Klavier Berlin 1929. Vier Jahre sp\u00e4ter enden die \u201eGoldenen Zwanziger\u201c mit einer Vollbremsung. Das Romanische Caf\u00e9\u00a0 in Berlin vibriert jeden Nachmittag und jeden Abend, hier ist der Weltgeist zu Hause in jenen leuchtenden Jahren &#8230; <a title=\"VERWIRRUNG\u00a0DER\u00a0GEF\u00dcHLE\" class=\"read-more\" href=\"https:\/\/bernd-pr-winter.de\/?tribe_events=verwirrung-der-gefuehle-3\">Weiterlesen &#8230;<\/a><\/p>\n","protected":false},"author":1,"featured_media":0,"template":"","meta":{"generate_page_header":"","_tribe_events_status":"","_tribe_events_status_reason":"","footnotes":""},"tags":[],"tribe_events_cat":[],"class_list":["post-1043","tribe_events","type-tribe_events","status-publish","hentry"],"_links":{"self":[{"href":"https:\/\/bernd-pr-winter.de\/index.php?rest_route=\/wp\/v2\/tribe_events\/1043","targetHints":{"allow":["GET"]}}],"collection":[{"href":"https:\/\/bernd-pr-winter.de\/index.php?rest_route=\/wp\/v2\/tribe_events"}],"about":[{"href":"https:\/\/bernd-pr-winter.de\/index.php?rest_route=\/wp\/v2\/types\/tribe_events"}],"author":[{"embeddable":true,"href":"https:\/\/bernd-pr-winter.de\/index.php?rest_route=\/wp\/v2\/users\/1"}],"version-history":[{"count":1,"href":"https:\/\/bernd-pr-winter.de\/index.php?rest_route=\/wp\/v2\/tribe_events\/1043\/revisions"}],"predecessor-version":[{"id":1044,"href":"https:\/\/bernd-pr-winter.de\/index.php?rest_route=\/wp\/v2\/tribe_events\/1043\/revisions\/1044"}],"wp:attachment":[{"href":"https:\/\/bernd-pr-winter.de\/index.php?rest_route=%2Fwp%2Fv2%2Fmedia&parent=1043"}],"wp:term":[{"taxonomy":"post_tag","embeddable":true,"href":"https:\/\/bernd-pr-winter.de\/index.php?rest_route=%2Fwp%2Fv2%2Ftags&post=1043"},{"taxonomy":"tribe_events_cat","embeddable":true,"href":"https:\/\/bernd-pr-winter.de\/index.php?rest_route=%2Fwp%2Fv2%2Ftribe_events_cat&post=1043"}],"curies":[{"name":"wp","href":"https:\/\/api.w.org\/{rel}","templated":true}]}}

VERWIRRUNG DER GEFÜHLE

<p style="font-weight: 400;"><em>Ein kulturelles Berliner </em><em>Epochengemälde  </em><em>am Ende der „Goldenen Zwanziger“<img loading="lazy" decoding="async" class="size-medium wp-image-1008 alignright" src="http://bernd-pr-winter.de/wp-content/uploads/2023/05/Katharina-Brehl-und-Bernd-P.-R.-Winter-300x300.jpeg" alt="" width="300" height="300" srcset="https://bernd-pr-winter.de/wp-content/uploads/2023/05/Katharina-Brehl-und-Bernd-P.-R.-Winter-300x300.jpeg 300w, https://bernd-pr-winter.de/wp-content/uploads/2023/05/Katharina-Brehl-und-Bernd-P.-R.-Winter-1024x1024.jpeg 1024w, https://bernd-pr-winter.de/wp-content/uploads/2023/05/Katharina-Brehl-und-Bernd-P.-R.-Winter-150x150.jpeg 150w, https://bernd-pr-winter.de/wp-content/uploads/2023/05/Katharina-Brehl-und-Bernd-P.-R.-Winter-768x768.jpeg 768w, https://bernd-pr-winter.de/wp-content/uploads/2023/05/Katharina-Brehl-und-Bernd-P.-R.-Winter.jpeg 1080w" sizes="auto, (max-width: 300px) 100vw, 300px" /></em></p>
<p style="font-weight: 400;"><em>Mitwirkende<br />
</em><em>Bernd P. R. Winter Sprache<br />
</em><em>Katharina Brehl Sprache und Gesang<br />
</em><em>Julia Reingardt Klavier</em></p>
<p style="font-weight: 400;">Berlin 1929. Vier Jahre später enden die „Goldenen Zwanziger“ mit einer Vollbremsung.</p>
<p style="font-weight: 400;">Das Romanische Café  in Berlin vibriert jeden Nachmittag und jeden Abend, hier ist der Weltgeist zu Hause in jenen leuchtenden Jahren vor der Verdunkelung, hier wird jeden Abend die Welt zerstört, gerettet und neu zusammengesetzt, hier kann man Kurt Tucholsky sehen und Erich Kästner und Max Beckmann, Gottfried Benn und Alfred Döblin, Marlene Dietrich, Gustav Gründgens und viele andere bekannte Größen der Berliner Kunstszene. Mascha Kaleko gehört dazu, genau wie Erika Mann, Claire Waldoff, Ruth Landshoff und Vicki Baum. Beziehungen werden geknüpft.</p>
<p style="font-weight: 400;">Man findet sich schnell.</p>
<p><img loading="lazy" decoding="async" class="size-medium wp-image-917 alignleft" src="http://bernd-pr-winter.de/wp-content/uploads/2023/02/Pianistin-Julia-Reingardt-edited-1-188x300.jpeg" alt="" width="188" height="300" srcset="https://bernd-pr-winter.de/wp-content/uploads/2023/02/Pianistin-Julia-Reingardt-edited-1-188x300.jpeg 188w, https://bernd-pr-winter.de/wp-content/uploads/2023/02/Pianistin-Julia-Reingardt-edited-1-640x1024.jpeg 640w, https://bernd-pr-winter.de/wp-content/uploads/2023/02/Pianistin-Julia-Reingardt-edited-1-768x1228.jpeg 768w, https://bernd-pr-winter.de/wp-content/uploads/2023/02/Pianistin-Julia-Reingardt-edited-1-960x1536.jpeg 960w, https://bernd-pr-winter.de/wp-content/uploads/2023/02/Pianistin-Julia-Reingardt-edited-1-1280x2048.jpeg 1280w, https://bernd-pr-winter.de/wp-content/uploads/2023/02/Pianistin-Julia-Reingardt-edited-1-scaled.jpeg 1601w" sizes="auto, (max-width: 188px) 100vw, 188px" /></p>
<p style="font-weight: 400;">„Als wären Hingabe und Liebe vorläufig die einzig möglichen Antworten auf den von den Nationalsozialisten geschürten Hass, sind die dreißiger Jahre voll der kühnsten, schönsten, aussichtslosesten Affären und größten Romanzen“(1)</p>
<p>&nbsp;</p>
<p style="font-weight: 400;">Ein virtuoses Epochengemälde, so nennt es der Schriftsteller Florian Illies in seinem Roman „Liebe in Zeiten des Hasses“. Eine Zeit von berstenden politischen und kulturellen Spannungen zwischen 1929 und 1939. Große Literatur vorgestellt und sprachlich gekonnt gelesen vom Kasseler Rezitator Bernd P. R. Winter und der Kasseler Schauspielerin Katharina Brehl. Bekannte Songs aus den „Goldenen Zwanziger“ charmant und voller Esprit gesungen von    Katharina Brehl und am Klavier von der Pianistin Julia Reingardt begleitet.</p>
<h6 style="font-weight: 400;"><em>1Florian Illies Liebe in Zeiten des Hasses</em></h6>
<p>&nbsp;</p>
<p style="font-weight: 400;">Beginn 19 Uhr; Einlass 18.30 Uhr<br />
Eintritt: 17 €; ermäßigt 13 €</p>
<p style="font-weight: 400;">Karten ab 18 Uhr Abendkasse oder im VVK unter Mailadresse:<a href="mailto:BerndprWinter@t-online.de">BerndprWinter@t-online.de</a></p>
<p style="font-weight: 400;"><em> </em></p>

<p>Ein kulturelles Berliner Epochengemälde  am Ende der „Goldenen Zwanziger“ Mitwirkende Bernd P. R. Winter Sprache Katharina Brehl Sprache und Gesang Julia Reingardt Klavier Berlin 1929. Vier Jahre später enden die „Goldenen Zwanziger“ mit einer Vollbremsung. Das Romanische Café  in Berlin vibriert jeden Nachmittag und jeden Abend, hier ist der Weltgeist zu Hause in jenen leuchtenden Jahren &#8230; <a title="VERWIRRUNG DER GEFÜHLE" class="read-more" href="https://bernd-pr-winter.de/?tribe_events=verwirrung-der-gefuehle-3">Weiterlesen &#8230;</a></p>
